{"id":74219,"date":"2023-12-08T18:18:40","date_gmt":"2023-12-08T17:18:40","guid":{"rendered":"https:\/\/www.memoria.cat\/web-nova-bombardeigs\/?page_id=74219"},"modified":"2025-05-03T16:45:32","modified_gmt":"2025-05-03T15:45:32","slug":"josep-maria-castany-felip","status":"publish","type":"page","link":"https:\/\/www.memoria.cat\/bombardeigs\/josep-maria-castany-felip\/","title":{"rendered":"Josep Maria Castany Felip <span style=\"font-size: 22pt;\">(1938)<\/span>"},"content":{"rendered":"\t\t<div data-elementor-type=\"wp-page\" data-elementor-id=\"74219\" class=\"elementor elementor-74219\" data-elementor-post-type=\"page\">\n\t\t\t\t<div class=\"elementor-element elementor-element-8361d58 e-flex e-con-boxed e-con e-parent\" data-id=\"8361d58\" data-element_type=\"container\">\n\t\t\t\t\t<div class=\"e-con-inner\">\n\t\t<div class=\"elementor-element elementor-element-5b07706 e-con-full e-flex e-con e-child\" data-id=\"5b07706\" data-element_type=\"container\">\n\t\t\t\t<div class=\"elementor-element elementor-element-9ce9aa8 elementor-widget elementor-widget-video\" data-id=\"9ce9aa8\" data-element_type=\"widget\" data-settings=\"{&quot;video_type&quot;:&quot;vimeo&quot;}\" data-widget_type=\"video.default\">\n\t\t\t\t<div class=\"elementor-widget-container\">\n\t\t\t\t\t\t\t<div class=\"elementor-wrapper elementor-open-inline\">\n\t\t\t<iframe class=\"elementor-video-iframe\" allowfullscreen allow=\"clipboard-write\" title=\"Reproductor de v\u00eddeo vimeo\" src=\"https:\/\/player.vimeo.com\/video\/891006654?color&amp;autopause=0&amp;loop=0&amp;muted=0&amp;title=1&amp;portrait=1&amp;byline=1#t=\"><\/iframe>\t\t<\/div>\n\t\t\t\t\t\t<\/div>\n\t\t\t\t<\/div>\n\t\t\t\t<div class=\"elementor-element elementor-element-eeb5e45 elementor-widget elementor-widget-text-editor\" data-id=\"eeb5e45\" data-element_type=\"widget\" data-widget_type=\"text-editor.default\">\n\t\t\t\t<div class=\"elementor-widget-container\">\n\t\t\t\t\t\t\t\t\t<p><strong>1) A la Catalana, un destacament de Transmissions de l&#8217;ex\u00e8rcit republic\u00e0 va ser bombardejat<\/strong><\/p><p>Durada del v\u00eddeo: 5\u2032 13\u2033<\/p>\t\t\t\t\t\t\t\t<\/div>\n\t\t\t\t<\/div>\n\t\t\t\t<\/div>\n\t\t<div class=\"elementor-element elementor-element-067b86e e-con-full e-flex e-con e-child\" data-id=\"067b86e\" data-element_type=\"container\">\n\t\t\t\t<div class=\"elementor-element elementor-element-4774bd5 elementor-widget elementor-widget-video\" data-id=\"4774bd5\" data-element_type=\"widget\" data-settings=\"{&quot;video_type&quot;:&quot;vimeo&quot;}\" data-widget_type=\"video.default\">\n\t\t\t\t<div class=\"elementor-widget-container\">\n\t\t\t\t\t\t\t<div class=\"elementor-wrapper elementor-open-inline\">\n\t\t\t<iframe class=\"elementor-video-iframe\" allowfullscreen allow=\"clipboard-write\" title=\"Reproductor de v\u00eddeo vimeo\" src=\"https:\/\/player.vimeo.com\/video\/891006818?color&amp;autopause=0&amp;loop=0&amp;muted=0&amp;title=1&amp;portrait=1&amp;byline=1#t=\"><\/iframe>\t\t<\/div>\n\t\t\t\t\t\t<\/div>\n\t\t\t\t<\/div>\n\t\t\t\t<div class=\"elementor-element elementor-element-7bb85e7 elementor-widget elementor-widget-text-editor\" data-id=\"7bb85e7\" data-element_type=\"widget\" data-widget_type=\"text-editor.default\">\n\t\t\t\t<div class=\"elementor-widget-container\">\n\t\t\t\t\t\t\t\t\t<p><strong>2) La inc\u00f2gnita del n\u00famero de militars morts i el lloc on es van enterrar<\/strong><\/p><p>Durada del v\u00eddeo: 2\u2032 54\u2033<\/p>\t\t\t\t\t\t\t\t<\/div>\n\t\t\t\t<\/div>\n\t\t\t\t<\/div>\n\t\t<div class=\"elementor-element elementor-element-ac4d453 e-con-full e-flex e-con e-child\" data-id=\"ac4d453\" data-element_type=\"container\">\n\t\t\t\t<div class=\"elementor-element elementor-element-1af19df elementor-widget elementor-widget-video\" data-id=\"1af19df\" data-element_type=\"widget\" data-settings=\"{&quot;video_type&quot;:&quot;vimeo&quot;}\" data-widget_type=\"video.default\">\n\t\t\t\t<div class=\"elementor-widget-container\">\n\t\t\t\t\t\t\t<div class=\"elementor-wrapper elementor-open-inline\">\n\t\t\t<iframe class=\"elementor-video-iframe\" allowfullscreen allow=\"clipboard-write\" title=\"Reproductor de v\u00eddeo vimeo\" src=\"https:\/\/player.vimeo.com\/video\/891006899?color&amp;autopause=0&amp;loop=0&amp;muted=0&amp;title=1&amp;portrait=1&amp;byline=1#t=\"><\/iframe>\t\t<\/div>\n\t\t\t\t\t\t<\/div>\n\t\t\t\t<\/div>\n\t\t\t\t<div class=\"elementor-element elementor-element-cc603ef elementor-widget elementor-widget-text-editor\" data-id=\"cc603ef\" data-element_type=\"widget\" data-widget_type=\"text-editor.default\">\n\t\t\t\t<div class=\"elementor-widget-container\">\n\t\t\t\t\t\t\t\t\t<p><strong>3) Les g\u00e0bies dels coloms missatgers que els militars van deixar abandonades<\/strong><\/p><p>Durada del v\u00eddeo: 2\u2032 19\u2033<\/p>\t\t\t\t\t\t\t\t<\/div>\n\t\t\t\t<\/div>\n\t\t\t\t<\/div>\n\t\t\t\t\t<\/div>\n\t\t\t\t<\/div>\n\t\t\t\t<\/div>\n\t\t","protected":false},"excerpt":{"rendered":"<p>https:\/\/vimeo.com\/891006654 1) A la Catalana, un destacament de Transmissions de l&#8217;ex\u00e8rcit republic\u00e0 va ser bombardejat Durada del v\u00eddeo: 5\u2032 13\u2033 https:\/\/vimeo.com\/891006818 2) La inc\u00f2gnita del n\u00famero de militars morts i el lloc on es van enterrar Durada del v\u00eddeo: 2\u2032 54\u2033 https:\/\/vimeo.com\/891006899 3) Les g\u00e0bies dels coloms missatgers que els militars van deixar abandonades Durada [&hellip;]<\/p>\n","protected":false},"author":1,"featured_media":0,"parent":0,"menu_order":0,"comment_status":"closed","ping_status":"closed","template":"","meta":{"iawp_total_views":13,"footnotes":""},"class_list":["post-74219","page","type-page","status-publish","hentry"],"_links":{"self":[{"href":"https:\/\/www.memoria.cat\/bombardeigs\/wp-json\/wp\/v2\/pages\/74219","targetHints":{"allow":["GET"]}}],"collection":[{"href":"https:\/\/www.memoria.cat\/bombardeigs\/wp-json\/wp\/v2\/pages"}],"about":[{"href":"https:\/\/www.memoria.cat\/bombardeigs\/wp-json\/wp\/v2\/types\/page"}],"author":[{"embeddable":true,"href":"https:\/\/www.memoria.cat\/bombardeigs\/wp-json\/wp\/v2\/users\/1"}],"replies":[{"embeddable":true,"href":"https:\/\/www.memoria.cat\/bombardeigs\/wp-json\/wp\/v2\/comments?post=74219"}],"version-history":[{"count":0,"href":"https:\/\/www.memoria.cat\/bombardeigs\/wp-json\/wp\/v2\/pages\/74219\/revisions"}],"wp:attachment":[{"href":"https:\/\/www.memoria.cat\/bombardeigs\/wp-json\/wp\/v2\/media?parent=74219"}],"curies":[{"name":"wp","href":"https:\/\/api.w.org\/{rel}","templated":true}]}}