{"id":72107,"date":"2018-07-04T11:47:10","date_gmt":"2018-07-04T10:47:10","guid":{"rendered":"https:\/\/www.memoria.cat\/antonio-donate\/?page_id=72107"},"modified":"2018-07-09T09:48:30","modified_gmt":"2018-07-09T08:48:30","slug":"casos-laborals","status":"publish","type":"page","link":"https:\/\/www.memoria.cat\/antonio-donate\/letapa-com-a-jutge-de-primera-instancia-a-manresa\/casos-laborals\/","title":{"rendered":"Casos laborals"},"content":{"rendered":"<h3>Gesti\u00f3 de conflictes i accidents laborals a Manresa<\/h3>\n<p><iframe title=\"Tall 13- Gestio\u0301 de conflictes i accidents laborals a Manresa\" src=\"https:\/\/player.vimeo.com\/video\/276492147?dnt=1&amp;app_id=122963\" width=\"800\" height=\"450\" frameborder=\"0\" allow=\"autoplay; fullscreen; picture-in-picture; clipboard-write\"><\/iframe><\/p>\n<h3>Den\u00fancies laborals a la f\u00e0brica Bertrand i Serra<\/h3>\n<p><iframe title=\"Tall 31- Denu\u0301ncies laborals a la Fa\u0300brica Bertrand i Serra.mov\" src=\"https:\/\/player.vimeo.com\/video\/277411215?dnt=1&amp;app_id=122963\" width=\"800\" height=\"450\" frameborder=\"0\" allow=\"autoplay; fullscreen; picture-in-picture; clipboard-write\"><\/iframe><\/p>\n<h3>Demandes de canvi del torn laboral de les dones<\/h3>\n<p><iframe title=\"Tall 32- Demandes de canvi del torn laboral de les dones\" src=\"https:\/\/player.vimeo.com\/video\/277411222?dnt=1&amp;app_id=122963\" width=\"800\" height=\"450\" frameborder=\"0\" allow=\"autoplay; fullscreen; picture-in-picture; clipboard-write\"><\/iframe><\/p>\n<p>&nbsp;<\/p>\n<p>&nbsp;<\/p>\n","protected":false},"excerpt":{"rendered":"<p>Gesti\u00f3 de conflictes i accidents laborals a Manresa Den\u00fancies laborals a la f\u00e0brica Bertrand i Serra Demandes de canvi del torn laboral de les dones &nbsp; &nbsp;<\/p>\n","protected":false},"author":28,"featured_media":0,"parent":72094,"menu_order":0,"comment_status":"closed","ping_status":"closed","template":"","meta":{"iawp_total_views":0,"footnotes":""},"class_list":["post-72107","page","type-page","status-publish","hentry"],"_links":{"self":[{"href":"https:\/\/www.memoria.cat\/antonio-donate\/wp-json\/wp\/v2\/pages\/72107","targetHints":{"allow":["GET"]}}],"collection":[{"href":"https:\/\/www.memoria.cat\/antonio-donate\/wp-json\/wp\/v2\/pages"}],"about":[{"href":"https:\/\/www.memoria.cat\/antonio-donate\/wp-json\/wp\/v2\/types\/page"}],"author":[{"embeddable":true,"href":"https:\/\/www.memoria.cat\/antonio-donate\/wp-json\/wp\/v2\/users\/28"}],"replies":[{"embeddable":true,"href":"https:\/\/www.memoria.cat\/antonio-donate\/wp-json\/wp\/v2\/comments?post=72107"}],"version-history":[{"count":0,"href":"https:\/\/www.memoria.cat\/antonio-donate\/wp-json\/wp\/v2\/pages\/72107\/revisions"}],"up":[{"embeddable":true,"href":"https:\/\/www.memoria.cat\/antonio-donate\/wp-json\/wp\/v2\/pages\/72094"}],"wp:attachment":[{"href":"https:\/\/www.memoria.cat\/antonio-donate\/wp-json\/wp\/v2\/media?parent=72107"}],"curies":[{"name":"wp","href":"https:\/\/api.w.org\/{rel}","templated":true}]}}