{"id":73833,"date":"2023-03-16T17:19:29","date_gmt":"2023-03-16T16:19:29","guid":{"rendered":"https:\/\/www.memoria.cat\/alvarez\/?page_id=73833"},"modified":"2023-03-16T19:31:22","modified_gmt":"2023-03-16T18:31:22","slug":"22-09-1939-septfonds-del-josep-maria-a-la-maria","status":"publish","type":"page","link":"https:\/\/www.memoria.cat\/alvarez\/lepistolari-josep-m-alvarez-maria-baltierrez-fotos-i-transcripcions\/22-09-1939-septfonds-del-josep-maria-a-la-maria\/","title":{"rendered":"22\/09\/1939. Septfonds. Del Josep Maria a la Maria"},"content":{"rendered":"<div id=\"jig1\" class=\"justified-image-grid jig-de45adfe6533e7f3b76d0944644efae5 jig-preset-c1 jig-source-wp-gallery jig-rml-id-16\"><div class=\"jig-clearfix\"><\/div><noscript id=\"jig1-html\" class=\"justified-image-grid-html\" data-lazy-src=\"skiplazyload\" data-src=\"skipunveillazyload\"><ul><li><a href=\"https:\/\/www.memoria.cat\/alvarez\/wp-content\/uploads\/sites\/80\/2023\/03\/ARS_5414-scaled.jpg\"><img fetchpriority=\"high\" decoding=\"async\" src=\"https:\/\/www.memoria.cat\/alvarez\/wp-content\/uploads\/sites\/80\/2023\/03\/ARS_5414-scaled.jpg\" alt=\"\" width=\"344\" height=\"230\" \/><\/a><\/li><li><a href=\"https:\/\/www.memoria.cat\/alvarez\/wp-content\/uploads\/sites\/80\/2023\/03\/ARS_5416-scaled.jpg\"><img decoding=\"async\" src=\"https:\/\/www.memoria.cat\/alvarez\/wp-content\/uploads\/sites\/80\/2023\/03\/ARS_5416-scaled.jpg\" alt=\"\" width=\"344\" height=\"230\" \/><\/a><\/li><\/ul><\/noscript><\/div>\n<p><strong>Transcripci\u00f3 parcial<\/strong><\/p>\n<p><em>Septfonds, 22 de septiembre de 1939<\/em><\/p>\n<p><em>\u201cEn mis dos \u00faltimas [cartas] te dec\u00eda que me hallaba fuera de los campos trabajando. Por circunstancias completamente ajenas a mi voluntad aquello ha terminado y vuelvo a estar otra vez concentrado en un campo. Pero no es el mismo de antes. Ahora estoy en otro cuya direcci\u00f3n te doy al final de estas l\u00edneas. \u00a1Qu\u00e9 prueba m\u00e1s ruda estoy sufriendo querida Mar\u00eda! \u00a1C\u00f3mo deseo poder volver a vuestro lado! Ahora que ya ve\u00eda el cielo abierto delante m\u00edo se me ha vuelto a cerrar\u00bb.<\/em><\/p>\n<p><em>[\u2026] Te pido con toda el alma que no dejes que nuestros hijos me olviden. Se est\u00e1n educando y creciendo sin mi. Cuando me vuelvan a ver yo ser\u00e9 para ellos un extra\u00f1o. S\u00f3lo te conocer\u00e1n a ti que los acaricias y los cuidas cada d\u00eda. Esto me atormenta y quisiera volar a tu lado para cuidarlos y cuidarme de ti. [\u2026]\u201d <\/em><\/p>\n","protected":false},"excerpt":{"rendered":"<p>Transcripci\u00f3 parcial Septfonds, 22 de septiembre de 1939 \u201cEn mis dos \u00faltimas [cartas] te dec\u00eda que me hallaba fuera de los campos trabajando. Por circunstancias completamente ajenas a mi voluntad aquello ha terminado y vuelvo a estar otra vez concentrado en un campo. Pero no es el mismo de antes. Ahora estoy en otro cuya [&hellip;]<\/p>\n","protected":false},"author":28,"featured_media":0,"parent":73668,"menu_order":0,"comment_status":"closed","ping_status":"closed","template":"","meta":{"iawp_total_views":0,"footnotes":""},"class_list":["post-73833","page","type-page","status-publish","hentry"],"_links":{"self":[{"href":"https:\/\/www.memoria.cat\/alvarez\/wp-json\/wp\/v2\/pages\/73833","targetHints":{"allow":["GET"]}}],"collection":[{"href":"https:\/\/www.memoria.cat\/alvarez\/wp-json\/wp\/v2\/pages"}],"about":[{"href":"https:\/\/www.memoria.cat\/alvarez\/wp-json\/wp\/v2\/types\/page"}],"author":[{"embeddable":true,"href":"https:\/\/www.memoria.cat\/alvarez\/wp-json\/wp\/v2\/users\/28"}],"replies":[{"embeddable":true,"href":"https:\/\/www.memoria.cat\/alvarez\/wp-json\/wp\/v2\/comments?post=73833"}],"version-history":[{"count":0,"href":"https:\/\/www.memoria.cat\/alvarez\/wp-json\/wp\/v2\/pages\/73833\/revisions"}],"up":[{"embeddable":true,"href":"https:\/\/www.memoria.cat\/alvarez\/wp-json\/wp\/v2\/pages\/73668"}],"wp:attachment":[{"href":"https:\/\/www.memoria.cat\/alvarez\/wp-json\/wp\/v2\/media?parent=73833"}],"curies":[{"name":"wp","href":"https:\/\/api.w.org\/{rel}","templated":true}]}}