{"id":73645,"date":"2021-05-06T08:03:27","date_gmt":"2021-05-06T07:03:27","guid":{"rendered":"https:\/\/www.memoria.cat\/actes-autoritzats-i-prohibits-inicis-transicio\/?page_id=73645"},"modified":"2021-09-27T15:35:54","modified_gmt":"2021-09-27T14:35:54","slug":"cicle-de-cultura-manresana","status":"publish","type":"page","link":"https:\/\/www.memoria.cat\/actes-autoritzats-i-prohibits-inicis-transicio\/actes-agrupats-tematicament\/cicle-de-cultura-manresana\/","title":{"rendered":"Cicle de Cultura Manresana"},"content":{"rendered":"<p><em>Cicle de Cultura Manresana <\/em>(adherit al Congr\u00e9s de Cultura Catalana), del <strong>3 de mar\u00e7 <\/strong>al<strong> 20 de maig de 1976, <\/strong>organitzat pel Secretariat d\u2019Entitats. Tots els actes tenen lloc a la sala d\u2019actes del Casino.<\/p>\n<p>El <strong>Secretariat d\u2019Entitats<\/strong> era una agrupaci\u00f3 d\u2019entitats que tenia per objectiu promoure i aglutinar activitats culturals manresanes. Es va fundar a principis de 1975 i estava obert a totes les entitats manresanes, per\u00f2 el nucli inicial d\u2019entitats que va formar part del Secretariat eren l\u2019Agrupaci\u00f3 Manresana de Folklore, l\u2019Associaci\u00f3 d\u2019Antics Alumnes de la Normal, l\u2019Associaci\u00f3 d\u2019Assistents Socials, l\u2019Associaci\u00f3 de Pares d\u2019Alumnes de l\u2019Institut Llu\u00eds de Peguera, l\u2019Associaci\u00f3 per a la Promoci\u00f3 Educativa, l\u2019Associaci\u00f3 de Ve\u00efns del Xup, el Centre Excursionista de la Comarca del Bages, el Centre Excursionista Montserrat, el Cercle Art\u00edstic, el Cine Club Manresa, el Col\u00b7legi de Doctors i Llicenciats, la Instituci\u00f3 Catalana d\u2019Hist\u00f2ria Natural, la Jove Cambra de Manresa, les Joventuts Musicals, el Lingua-Club Manresa, l\u2019Omnium Cultural, l\u2019Orfe\u00f3 Manres\u00e0, la Societat Coral Sant Josep, l\u2019Associaci\u00f3 de Ve\u00efns de Mion-Puigberenguer i l\u2019 Agrupaci\u00f3 Loyola.<\/p>\n<p><strong>Programaci\u00f3 del Cicle de Cultura Manresana:<\/strong><\/p>\n<p>MES DE MAR\u00c7<\/p>\n<p>Dia 3: Taula rodona <em>L\u2019ensenyament a Manresa<\/em><strong>,<\/strong> organitzada pel Col\u00b7legi de Doctors i Llicenciats, amb la participaci\u00f3 de Conxa Comas Riu, M. Alba Balti\u00e9rrez Alier, Carme Cisneros Monta\u00f1\u00e0, Cristina Llir\u00f3 Morell, Montserrat Perramon Marcet i Antonio Reyes Mart\u00edn<\/p>\n<p>Dia 9: Xerrada <em>La Joventut al camp<\/em><strong>,<\/strong> organitzada pel Col\u00b7legi de Doctors i Llicenciats, amb la participaci\u00f3 de Josep Codina Comas, Josep Cots Reguant, Pau Pal\u00e0 Bonveh\u00ed,\u00a0 Joan Planas Vilardaga, Pere Ribera Guals, Josep Roca Solergibert i Josep Torrades Bonells.<\/p>\n<p>Dia 10: Taula rodona <em>L\u2019ensenyament a Manresa<\/em><strong>,<\/strong> organitzada pel Col\u00b7legi de Doctors i Llicenciats, amb la participaci\u00f3 de Josep Balaguer Galobart, M. Josep Curero, Llu\u00eds Sal\u00f3, Antonio Reyes, Antonio Tejero i Agn\u00e8s Torras.<\/p>\n<p>Dia 11: Taula rodona <em>El contracte de conreu<\/em><strong>,<\/strong> organitzada pel Col\u00b7legi de Doctors i Llicenciats, amb la participaci\u00f3 d\u2019Isidre Comallonga, Salvador Peraire, Josep Terrades i Jordi Carbonell.<\/p>\n<p>Dia 13: Confer\u00e8ncia <em>Llegat manres\u00e0 a la sardana<\/em><strong>,<\/strong> organitzada per l\u2019Agrupaci\u00f3 Manresana de Folklore, amb la participaci\u00f3 de Francesc Soler i Mas, Antonio Juanola Escaler, Ignasi Torras Garc\u00eda i Agust\u00ed Coll Herbera.<\/p>\n<p>Dia 14: Film i diapositives sobre <em>L\u2019agricultura i la ramaderia a la comarca<\/em><strong>,<\/strong> organitzat pel Col\u00b7legi de Doctors i Llicenciats.<\/p>\n<p>Dia 24: Taula rodona <em>L\u2019ensenyament musical<\/em><strong>,<\/strong> organitzada per les Joventuts Musicals de Manresa.<\/p>\n<p>Dia 27: Confer\u00e8ncia <em>La dansa com a representaci\u00f3 d\u2019un temps,<\/em> organitzada per l\u2019Agrupaci\u00f3 Manresana de Folklore.<\/p>\n<p>Dia 29: Taula rodona <em>L\u2019ensenyament a Manresa<\/em><strong>,<\/strong> organitzada pel Col\u00b7legi de Doctors i Llicenciats, amb la participaci\u00f3 de Francesc J. Puig Rovira, Ramon Llatj\u00f3s Planas, Teresa Codinach Muncunill, Joaquim Luengo Burillo, Josep Oliveras i Samitier i Juan E. Segarra Hern\u00e1ndez.<\/p>\n<p>MES D\u2019ABRIL (Algunes xerrades o taules rodones es van canviar de data respecte del que estava previst.)<\/p>\n<p>Dia 6: Confer\u00e8ncia <em>Perspectives econ\u00f2miques de Manresa i comarca<\/em><strong>,<\/strong> organitzada per Jove Cambra, a c\u00e0rrec de Josep Oliveras i Samitier.<\/p>\n<p>Dia 7: Taula rodona <em>Les entitats i la seva problem\u00e0tica<\/em><strong>,<\/strong> organitzada pel Centre Excursionista de la Comarca del Bages, a c\u00e0rrec de Joan Badia Pujol.\u00a0 Finalment es va celebrar el <strong>20 de maig <\/strong>a la sala d\u2019actes del Casino.<\/p>\n<p>Dia 21: Confer\u00e8ncia <em>El fet literari a Manresa<\/em><strong>,<\/strong> organitzada pel Centre Excursionista de la Comarca del Bages,\u00a0 amb la participaci\u00f3 de Josep Junyent Rafart, Teresa Just Riba, Llu\u00eds Calderer Cortasa, Neus Oliveras Samitier i Pere Fons Vilardell. Finalment es va celebrar el <strong>15 de maig.<\/strong><\/p>\n<p>Dia 22: Taula rodona <em>L\u2019art configura la ciutat<\/em><strong>,<\/strong> organitzada pel Cercle Art\u00edstic de Manresa, amb la participaci\u00f3 de Josep M. Gasol, Joaquim Garc\u00eda, Anton Baraut, Estanislau Vilajosana, Josep Bar\u00e9s, Eduard Junyent i Joan Verg\u00e9 Grau.<\/p>\n<p>Dia 25: Taula rodona <em>El paper dels barris a la ciutat<\/em><strong>,<\/strong> organitzada per l\u2019Associaci\u00f3 de Ve\u00efns Mi\u00f3n-Puigberenguer.<\/p>\n<p>Dia 25: Trobada de grups de m\u00fasica i recital al Pavell\u00f3 del Congost.<\/p>\n<p>Dia 26: Taula rodona <em>La situaci\u00f3 de la dona a Manresa<\/em><strong>,<\/strong> organitzada per l\u2019Associaci\u00f3 d\u2019Assistents Socials, amb la participaci\u00f3 de M. Dolors Alegre Santamaria, M. Carme Torres Bacardit, Consol Munt\u00e9 Claramunt, Rosario Ramos G\u00f3mez, Carme Padr\u00f3 Vall, Rosa M. Su\u00f1\u00e9 Colell i Marina \u00c1lvarez Balti\u00e9rrez. Finalment es va celebrar el<strong> 12 de maig de 1976.<\/strong><\/p>\n<p>Dia 28: Taula rodona <em>El teatre a Manresa<\/em><strong>,<\/strong> organitzada per l\u2019Agrupaci\u00f3 Loyola.<\/p>\n<p>Dia 29: Confer\u00e8ncia <em>La situaci\u00f3 de la\u00a0 llengua catalana<\/em><strong>,<\/strong> organitzada per \u00d2mnium Cultural, amb Josep Camprub\u00ed, Joan Maria Serra i Joan Badia. Finalment es va celebrar el dia <strong>12 d\u2019abril.<\/strong><\/p>\n<p>Dia 30: Projecci\u00f3 de films d\u2019autors manresans, organitzat pel Centre Excursionista de la Comarca del Bages.<\/p>\n<p>MES DE MAIG<\/p>\n<p>Dia 8: Recital de poemes <em>Parlen els poetes manresans<\/em> a la Sala Loyola, organitzat pel Centre Excursionista de la Comarca del Bages.<\/p>\n<div id=\"jig1\" class=\"justified-image-grid jig-d48559fe9aa93a7382bcab1359eb8d26 jig-preset-c1 jig-source-wp-gallery jig-rml-id-37\"><div class=\"jig-clearfix\"><\/div><noscript id=\"jig1-html\" class=\"justified-image-grid-html\" data-lazy-src=\"skiplazyload\" data-src=\"skipunveillazyload\"><ul><li><a href=\"https:\/\/www.memoria.cat\/actes-autoritzats-i-prohibits-inicis-transicio\/wp-content\/uploads\/sites\/64\/2021\/06\/IMG_4510.jpg\" title=\"Inst\u00e0ncia d\u2019Emili Mart\u00ednez Ballester, president del Centre Excursionista de la Comarca del Bages, sol\u00b7licitant autoritzaci\u00f3 per realitzar la confer\u00e8ncia El fet literari a Manresa.\"><img decoding=\"async\" src=\"https:\/\/www.memoria.cat\/actes-autoritzats-i-prohibits-inicis-transicio\/wp-content\/uploads\/sites\/64\/2021\/06\/IMG_4510.jpg\" alt=\"Inst\u00e0ncia d\u2019Emili Mart\u00ednez Ballester, president del Centre Excursionista de la Comarca del Bages, sol\u00b7licitant autoritzaci\u00f3 per realitzar la confer\u00e8ncia El fet literari a Manresa.\" width=\"159\" height=\"230\" \/><\/a><p class=\"jig-HTMLdescription\">Inst\u00e0ncia d\u2019Emili Mart\u00ednez Ballester, president del Centre Excursionista de la Comarca del Bages, sol\u00b7licitant autoritzaci\u00f3 per realitzar la confer\u00e8ncia El fet literari a Manresa.<\/p><\/li><li><a href=\"https:\/\/www.memoria.cat\/actes-autoritzats-i-prohibits-inicis-transicio\/wp-content\/uploads\/sites\/64\/2021\/06\/IMG_4509.jpg\" title=\"Notificaci\u00f3 de l\u2019Alcalde al Comisario Jefe de la Polic\u00eda Gubernativa i al Jefe de la Polic\u00eda Municipal, comunicant que el Govern Civil ha autoritzat les confer\u00e8ncies El fet literari a Manresa i Les entitats i la seva problem\u00e0tica.\"><img decoding=\"async\" src=\"https:\/\/www.memoria.cat\/actes-autoritzats-i-prohibits-inicis-transicio\/wp-content\/uploads\/sites\/64\/2021\/06\/IMG_4509.jpg\" alt=\"Notificaci\u00f3 de l\u2019Alcalde al Comisario Jefe de la Polic\u00eda Gubernativa i al Jefe de la Polic\u00eda Municipal, comunicant que el Govern Civil ha autoritzat les confer\u00e8ncies El fet literari a Manresa i Les entitats i la seva problem\u00e0tica.\" width=\"169\" height=\"230\" \/><\/a><p class=\"jig-HTMLdescription\">Notificaci\u00f3 de l\u2019Alcalde al Comisario Jefe de la Polic\u00eda Gubernativa i al Jefe de la Polic\u00eda Municipal, comunicant que el Govern Civil ha autoritzat les confer\u00e8ncies El fet literari a Manresa i Les entitats i la seva problem\u00e0tica.<\/p><\/li><li><a href=\"https:\/\/www.memoria.cat\/actes-autoritzats-i-prohibits-inicis-transicio\/wp-content\/uploads\/sites\/64\/2021\/06\/IMG_20210120_095932-scaled.jpg\" title=\"Portada propaganda\"><img decoding=\"async\" src=\"https:\/\/www.memoria.cat\/actes-autoritzats-i-prohibits-inicis-transicio\/wp-content\/uploads\/sites\/64\/2021\/06\/IMG_20210120_095932-scaled.jpg\" alt=\"Portada propaganda\" width=\"165\" height=\"230\" \/><\/a><p class=\"jig-HTMLdescription\">Portada propaganda<\/p><\/li><li><a href=\"https:\/\/www.memoria.cat\/actes-autoritzats-i-prohibits-inicis-transicio\/wp-content\/uploads\/sites\/64\/2021\/06\/IMG_20210120_095945-scaled.jpg\" title=\"Programaci\u00f3\"><img loading=\"lazy\" decoding=\"async\" src=\"https:\/\/www.memoria.cat\/actes-autoritzats-i-prohibits-inicis-transicio\/wp-content\/uploads\/sites\/64\/2021\/06\/IMG_20210120_095945-scaled.jpg\" alt=\"Programaci\u00f3\" width=\"324\" height=\"230\" \/><\/a><p class=\"jig-HTMLdescription\">Programaci\u00f3<\/p><\/li><li><a href=\"https:\/\/www.memoria.cat\/actes-autoritzats-i-prohibits-inicis-transicio\/wp-content\/uploads\/sites\/64\/2021\/06\/IMG_20210120_095953-scaled.jpg\" title=\"Programaci\u00f3\"><img loading=\"lazy\" decoding=\"async\" src=\"https:\/\/www.memoria.cat\/actes-autoritzats-i-prohibits-inicis-transicio\/wp-content\/uploads\/sites\/64\/2021\/06\/IMG_20210120_095953-scaled.jpg\" alt=\"Programaci\u00f3\" width=\"159\" height=\"230\" \/><\/a><p class=\"jig-HTMLdescription\">Programaci\u00f3<\/p><\/li><li><a href=\"https:\/\/www.memoria.cat\/actes-autoritzats-i-prohibits-inicis-transicio\/wp-content\/uploads\/sites\/64\/2021\/06\/IMG_20210120_100031-scaled.jpg\" title=\"Programaci\u00f3\"><img loading=\"lazy\" decoding=\"async\" src=\"https:\/\/www.memoria.cat\/actes-autoritzats-i-prohibits-inicis-transicio\/wp-content\/uploads\/sites\/64\/2021\/06\/IMG_20210120_100031-scaled.jpg\" alt=\"Programaci\u00f3\" width=\"158\" height=\"230\" \/><\/a><p class=\"jig-HTMLdescription\">Programaci\u00f3<\/p><\/li><\/ul><\/noscript><\/div>\n","protected":false},"excerpt":{"rendered":"<p>Cicle de Cultura Manresana (adherit al Congr\u00e9s de Cultura Catalana), del 3 de mar\u00e7 al 20 de maig de 1976, organitzat pel Secretariat d\u2019Entitats. Tots els actes tenen lloc a la sala d\u2019actes del Casino. El Secretariat d\u2019Entitats era una agrupaci\u00f3 d\u2019entitats que tenia per objectiu promoure i aglutinar activitats culturals manresanes. Es va fundar [&hellip;]<\/p>\n","protected":false},"author":11,"featured_media":0,"parent":74232,"menu_order":0,"comment_status":"closed","ping_status":"closed","template":"","meta":{"iawp_total_views":12,"footnotes":""},"class_list":["post-73645","page","type-page","status-publish","hentry"],"_links":{"self":[{"href":"https:\/\/www.memoria.cat\/actes-autoritzats-i-prohibits-inicis-transicio\/wp-json\/wp\/v2\/pages\/73645","targetHints":{"allow":["GET"]}}],"collection":[{"href":"https:\/\/www.memoria.cat\/actes-autoritzats-i-prohibits-inicis-transicio\/wp-json\/wp\/v2\/pages"}],"about":[{"href":"https:\/\/www.memoria.cat\/actes-autoritzats-i-prohibits-inicis-transicio\/wp-json\/wp\/v2\/types\/page"}],"author":[{"embeddable":true,"href":"https:\/\/www.memoria.cat\/actes-autoritzats-i-prohibits-inicis-transicio\/wp-json\/wp\/v2\/users\/11"}],"replies":[{"embeddable":true,"href":"https:\/\/www.memoria.cat\/actes-autoritzats-i-prohibits-inicis-transicio\/wp-json\/wp\/v2\/comments?post=73645"}],"version-history":[{"count":0,"href":"https:\/\/www.memoria.cat\/actes-autoritzats-i-prohibits-inicis-transicio\/wp-json\/wp\/v2\/pages\/73645\/revisions"}],"up":[{"embeddable":true,"href":"https:\/\/www.memoria.cat\/actes-autoritzats-i-prohibits-inicis-transicio\/wp-json\/wp\/v2\/pages\/74232"}],"wp:attachment":[{"href":"https:\/\/www.memoria.cat\/actes-autoritzats-i-prohibits-inicis-transicio\/wp-json\/wp\/v2\/media?parent=73645"}],"curies":[{"name":"wp","href":"https:\/\/api.w.org\/{rel}","templated":true}]}}